{"id":805,"date":"2024-11-14T14:41:07","date_gmt":"2024-11-14T14:41:07","guid":{"rendered":"https:\/\/cet-project.eu\/?page_id=805"},"modified":"2024-11-17T13:25:22","modified_gmt":"2024-11-17T13:25:22","slug":"m22-sr","status":"publish","type":"page","link":"https:\/\/cet-project.eu\/?page_id=805&lang=sr","title":{"rendered":"M22 &#8211; SR"},"content":{"rendered":"<p>[et_pb_section fb_built=&#8221;1&#8243; _builder_version=&#8221;4.24.0&#8243; _module_preset=&#8221;default&#8221; custom_padding=&#8221;25px||2px|||&#8221; global_colors_info=&#8221;{}&#8221;][et_pb_row make_equal=&#8221;on&#8221; _builder_version=&#8221;4.27.0&#8243; _module_preset=&#8221;default&#8221; custom_padding=&#8221;27px|||||&#8221; global_colors_info=&#8221;{}&#8221;][et_pb_column type=&#8221;4_4&#8243; _builder_version=&#8221;4.24.0&#8243; _module_preset=&#8221;default&#8221; global_colors_info=&#8221;{}&#8221;][et_pb_heading title=&#8221;Kako koristiti tradicionalne medije i dru\u0161tvene mre\u017ee za diseminaciju rezultata&#8221; _builder_version=&#8221;4.27.0&#8243; _module_preset=&#8221;default&#8221; title_font=&#8221;Carme|700|||||||&#8221; title_text_align=&#8221;center&#8221; title_text_color=&#8221;#167092&#8243; title_font_size=&#8221;50px&#8221; hover_enabled=&#8221;0&#8243; global_colors_info=&#8221;{}&#8221; sticky_enabled=&#8221;0&#8243;][\/et_pb_heading][\/et_pb_column][\/et_pb_row][et_pb_row column_structure=&#8221;1_2,1_2&#8243; _builder_version=&#8221;4.27.0&#8243; _module_preset=&#8221;default&#8221; custom_padding=&#8221;0px||0px||false|false&#8221; global_colors_info=&#8221;{}&#8221;][et_pb_column type=&#8221;1_2&#8243; _builder_version=&#8221;4.27.0&#8243; _module_preset=&#8221;default&#8221; global_colors_info=&#8221;{}&#8221;][et_pb_text _builder_version=&#8221;4.27.0&#8243; _module_preset=&#8221;default&#8221; text_font=&#8221;Carme||||||||&#8221; text_font_size=&#8221;18px&#8221; text_orientation=&#8221;justified&#8221; custom_padding=&#8221;0px||||false|false&#8221; hover_enabled=&#8221;0&#8243; custom_css_main_element=&#8221;strong {||  color: #f49d1e;||  text-decoration: underline;||  text-decoration-color: #167092;||}&#8221; global_colors_info=&#8221;{}&#8221; sticky_enabled=&#8221;0&#8243;]<\/p>\n<p>Kori\u0161\u0107enje tradicionalnih medija i dru\u0161tvenih mre\u017ea za diseminaciju rezultata podrazumeva strate\u0161ko planiranje da bi se obezbedili benefiti i od jedne i od druge vrste medija. Hajde da istra\u017eimo kako jedna OO mo\u017ee efektivno da koristi oba kanala. Prvo pogledajmo \u0161ta su razlike izme\u0111u njih.<\/p>\n<p>[\/et_pb_text][\/et_pb_column][et_pb_column type=&#8221;1_2&#8243; _builder_version=&#8221;4.27.0&#8243; _module_preset=&#8221;default&#8221; global_colors_info=&#8221;{}&#8221;][et_pb_text _builder_version=&#8221;4.27.0&#8243; _module_preset=&#8221;default&#8221; text_font=&#8221;Carme||||||||&#8221; text_font_size=&#8221;18px&#8221; text_orientation=&#8221;justified&#8221; custom_padding=&#8221;0px||||false|false&#8221; hover_enabled=&#8221;0&#8243; custom_css_main_element=&#8221;strong {||  color: #f49d1e;||  text-decoration: underline;||  text-decoration-color: #167092;||}&#8221; global_colors_info=&#8221;{}&#8221; sticky_enabled=&#8221;0&#8243;]<\/p>\n<p>Tradicionalni mediji obuhvataju kanale komunikacije kao \u0161to su \u0161tampani mediji (novine, magazini), elektronski mediji (TV i radio), spolja\u0161nji mediji (bilbordi), po\u0161ta i telefonija. Oni mo\u017eda pripadaju starijim generacijama ali i dalje imaju mnogo prednosti kao \u0161to je masovan opseg, kredibilitet i veliki uticaj. Njihova najve\u0107a mana su veliki tro\u0161kovi i \u010dinjenica da gube uticaj zbog digitalnih medija.<\/p>\n<p>[\/et_pb_text][\/et_pb_column][\/et_pb_row][et_pb_row column_structure=&#8221;1_2,1_2&#8243; make_equal=&#8221;on&#8221; _builder_version=&#8221;4.27.0&#8243; _module_preset=&#8221;default&#8221; custom_padding=&#8221;0px||0px||false|false&#8221; global_colors_info=&#8221;{}&#8221;][et_pb_column type=&#8221;1_2&#8243; _builder_version=&#8221;4.27.0&#8243; _module_preset=&#8221;default&#8221; global_colors_info=&#8221;{}&#8221;][et_pb_image src=&#8221;https:\/\/cet-project.eu\/wp-content\/uploads\/2024\/08\/Cet-47.png&#8221; title_text=&#8221;Cet (47)&#8221; align=&#8221;center&#8221; _builder_version=&#8221;4.27.0&#8243; _module_preset=&#8221;default&#8221; width=&#8221;82%&#8221; custom_margin=&#8221;-57px||||false|false&#8221; custom_padding=&#8221;||30px||false|false&#8221; global_colors_info=&#8221;{}&#8221;][\/et_pb_image][\/et_pb_column][et_pb_column type=&#8221;1_2&#8243; _builder_version=&#8221;4.27.0&#8243; _module_preset=&#8221;default&#8221; global_colors_info=&#8221;{}&#8221;][et_pb_text _builder_version=&#8221;4.27.0&#8243; _module_preset=&#8221;default&#8221; text_font=&#8221;Carme||||||||&#8221; text_font_size=&#8221;18px&#8221; text_orientation=&#8221;justified&#8221; custom_padding=&#8221;0px||||false|false&#8221; custom_css_main_element=&#8221;strong {||  color: #f49d1e;||  text-decoration: underline;||  text-decoration-color: #167092;||}&#8221; global_colors_info=&#8221;{}&#8221;]<\/p>\n<p>Dru\u0161tvene mre\u017ee su onlajn platforme i aplikacije na kojima organizacije i pojedinci mogu da kreiraju, dele i ostvaruju interakciju sa sadr\u017eajem kao i jedni sa drugima. Dru\u0161tvene mre\u017ee neguju komunikaciju i kolaboraciju u digitalnom okru\u017eenju. Ovi medijski kanali su ekstremno va\u017eni za OO, pre svega zato \u0161to su besplatni (na osnovnom nivou kori\u0161\u0107enja), otvoreni, dostupni i manje skupi nego tradicionalni mediji. Njihov opseg i uticaj je nadvladao tradicionalne medije. Njihova mana je, me\u0111utim, manjak kredibiliteta jer korisnici i kreatori mogu da sakriju svoj identitet, zloupotrebe privatne podatke ili objave la\u017ene informacije. Dru\u0161tvene mre\u017ee su i dalje manjkave u smislu bezbednosti i eti\u010dkih pitanja kao \u0161to su uznemiravanje, diskriminacija i nepristojnost.<\/p>\n<p>[\/et_pb_text][\/et_pb_column][\/et_pb_row][et_pb_row make_equal=&#8221;on&#8221; _builder_version=&#8221;4.27.0&#8243; _module_preset=&#8221;default&#8221; custom_padding=&#8221;0px||0px||false|false&#8221; global_colors_info=&#8221;{}&#8221;][et_pb_column type=&#8221;4_4&#8243; _builder_version=&#8221;4.27.0&#8243; _module_preset=&#8221;default&#8221; global_colors_info=&#8221;{}&#8221;][et_pb_text _builder_version=&#8221;4.27.0&#8243; _module_preset=&#8221;default&#8221; text_font=&#8221;Carme||||||||&#8221; text_font_size=&#8221;18px&#8221; text_orientation=&#8221;justified&#8221; custom_padding=&#8221;0px||||false|false&#8221; custom_css_main_element=&#8221;strong {||  color: #f49d1e;||  text-decoration: underline;||  text-decoration-color: #167092;||}&#8221; global_colors_info=&#8221;{}&#8221;]<\/p>\n<p>Dok glavni elementi tradicionalnih medija uklju\u010duju tekst, audio i video, dru\u0161tvene mre\u017ee koriste vi\u0161e elemenata za kreiranje sadr\u017eaja \u2013 pored teksta, audio i video zapisa, postoji dinami\u010dko prilago\u0111avanje u realnom vremenu, brza povratna sprega, mogu\u0107nost anga\u017eovanja u vi\u0161ekanalnoj komunikaciji i tako dalje. Dru\u0161tvene mre\u017ee pru\u017eaju beskrajne mogu\u0107nosti za efikasnu eksternu komunikaciju.<\/p>\n<p>[\/et_pb_text][\/et_pb_column][\/et_pb_row][et_pb_row make_equal=&#8221;on&#8221; _builder_version=&#8221;4.27.0&#8243; _module_preset=&#8221;default&#8221; custom_padding=&#8221;||||false|false&#8221; global_colors_info=&#8221;{}&#8221;][et_pb_column type=&#8221;4_4&#8243; _builder_version=&#8221;4.27.0&#8243; _module_preset=&#8221;default&#8221; global_colors_info=&#8221;{}&#8221;][et_pb_text _builder_version=&#8221;4.27.0&#8243; _module_preset=&#8221;default&#8221; text_font=&#8221;Carme||||||||&#8221; text_font_size=&#8221;18px&#8221; text_orientation=&#8221;justified&#8221; custom_padding=&#8221;0px||||false|false&#8221; hover_enabled=&#8221;0&#8243; custom_css_main_element=&#8221;strong {||  color: #f49d1e;||  text-decoration: underline;||  text-decoration-color: #167092;||}&#8221; global_colors_info=&#8221;{}&#8221; sticky_enabled=&#8221;0&#8243;]<\/p>\n<p><strong>Hajde da istra\u017eimo specifi\u010dne strategije za svaku od dru\u0161tvenih mre\u017ea koje su bitne za omladinske organizacije:<\/strong><\/p>\n<p>[\/et_pb_text][et_pb_text _builder_version=&#8221;4.27.0&#8243; _module_preset=&#8221;default&#8221; text_font=&#8221;Carme||||||||&#8221; text_font_size=&#8221;18px&#8221; text_orientation=&#8221;justified&#8221; custom_padding=&#8221;0px||||false|false&#8221; custom_css_main_element=&#8221;strong {||  color: #f49d1e;||  text-decoration: underline;||  text-decoration-color: #167092;||}&#8221; global_colors_info=&#8221;{}&#8221;]<\/p>\n<p><!-- [if gte mso 10]><\/p>\n\n\n\n\n<style>\n \/* Style Definitions *\/<\/p>\n\n\n\n\n<p>table.MsoNormalTable<\/p>\n\n\n\n\n<p>{mso-style-name:\"Table Normal\";<\/p>\n\n\n\n\n<p>mso-tstyle-rowband-size:0;<\/p>\n\n\n\n\n<p>mso-tstyle-colband-size:0;<\/p>\n\n\n\n\n<p>mso-style-noshow:yes;<\/p>\n\n\n\n\n<p>mso-style-priority:99;<\/p>\n\n\n\n\n<p>mso-style-parent:\"\";<\/p>\n\n\n\n\n<p>mso-padding-alt:0cm 5.4pt 0cm 5.4pt;<\/p>\n\n\n\n\n<p>mso-para-margin-top:0cm;<\/p>\n\n\n\n\n<p>mso-para-margin-right:0cm;<\/p>\n\n\n\n\n<p>mso-para-margin-bottom:8.0pt;<\/p>\n\n\n\n\n<p>mso-para-margin-left:0cm;<\/p>\n\n\n\n\n<p>line-height:107%;<\/p>\n\n\n\n\n<p>mso-pagination:widow-orphan;<\/p>\n\n\n\n\n<p>font-size:11.0pt;<\/p>\n\n\n\n\n<p>font-family:\"Calibri\",sans-serif;<\/p>\n\n\n\n\n<p>mso-ascii-font-family:Calibri;<\/p>\n\n\n\n\n<p>mso-ascii-theme-font:minor-latin;<\/p>\n\n\n\n\n<p>mso-hansi-font-family:Calibri;<\/p>\n\n\n\n\n<p>mso-hansi-theme-font:minor-latin;<\/p>\n\n\n\n\n<p>mso-bidi-font-family:\"Times New Roman\";<\/p>\n\n\n\n\n<p>mso-bidi-theme-font:minor-bidi;<\/p>\n\n\n\n\n<p>mso-font-kerning:1.0pt;<\/p>\n\n\n\n\n<p>mso-ligatures:standardcontextual;<\/p>\n\n\n\n\n<p>mso-ansi-language:EN-GB;}<\/p>\n\n\n<\/style>\n\n\n\n\n<p><![endif]--><!-- [if gte mso 9]><xml><\/p>\n\n\n\n\n<p><o:shapedefaults v:ext=\"edit\" spidmax=\"1026\"\/><\/p>\n\n\n\n\n<p><\/xml><![endif]--><!-- [if gte mso 9]><xml><\/p>\n\n\n\n\n<p><o:shapelayout v:ext=\"edit\"><\/p>\n\n\n\n\n<p><o:idmap v:ext=\"edit\" data=\"1\"\/><\/p>\n\n\n\n\n<p><\/o:shapelayout><\/xml><![endif]--><\/p>\n<div class=\"WordSection1\">\n<div align=\"center\">\n<table class=\"MsoNormalTable\" border=\"0\" cellspacing=\"0\" cellpadding=\"0\" width=\"697\" style=\"width: 522.5pt; border-collapse: collapse; mso-yfti-tbllook: 1024; mso-padding-alt: 0cm 5.4pt 0cm 5.4pt;\">\n<tbody>\n<tr style=\"mso-yfti-irow: 0; mso-yfti-firstrow: yes; height: 60.0pt;\">\n<td width=\"100\" style=\"width: 74.85pt; border: solid black 1.0pt; mso-border-alt: solid black .75pt; background: #167092; padding: 0cm 5.0pt 0cm 5.0pt; height: 60.0pt;\">\n<p class=\"MsoNormal\" align=\"center\" style=\"text-align: center;\"><b><span style=\"color: white; mso-themecolor: background1;\">Facebook<o:p><\/o:p><\/span><\/b><\/p>\n<\/td>\n<td width=\"597\" style=\"width: 447.65pt; border: solid black 1.0pt; border-left: none; mso-border-left-alt: solid black .75pt; mso-border-alt: solid black .75pt; padding: 0cm 5.0pt 0cm 5.0pt; height: 60.0pt;\">\n<p class=\"MsoNormal\">Use Facebook Live to present results in real-time, and<br \/>post updates with images, infographics, and links to detailed reports. Try to<br \/>encourage sharing and discussion in comments.<o:p><\/o:p><\/p>\n<\/td>\n<\/tr>\n<tr style=\"mso-yfti-irow: 1; height: 59.25pt;\">\n<td width=\"100\" style=\"width: 74.85pt; border: solid black 1.0pt; border-top: none; mso-border-top-alt: solid black .75pt; mso-border-alt: solid black .75pt; background: #167092; padding: 0cm 5.0pt 0cm 5.0pt; height: 59.25pt;\">\n<p class=\"MsoNormal\" align=\"center\" style=\"text-align: center;\"><b><span style=\"color: white; mso-themecolor: background1;\">X (<span class=\"SpellE\">ex<br \/>Twitter<\/span>)<o:p><\/o:p><\/span><\/b><\/p>\n<\/td>\n<td width=\"597\" style=\"width: 447.65pt; border-top: none; border-left: none; border-bottom: solid black 1.0pt; border-right: solid black 1.0pt; mso-border-top-alt: solid black .75pt; mso-border-left-alt: solid black .75pt; mso-border-alt: solid black .75pt; padding: 0cm 5.0pt 0cm 5.0pt; height: 59.25pt;\">\n<p class=\"MsoNormal\">Share bite-sized updates, key statistics, and quotes from<br \/>stakeholders. Use relevant hashtags and engage with followers through<br \/>retweets and replies.<o:p><\/o:p><\/p>\n<\/td>\n<\/tr>\n<tr style=\"mso-yfti-irow: 2; height: 65.25pt;\">\n<td width=\"100\" style=\"width: 74.85pt; border: solid black 1.0pt; border-top: none; mso-border-top-alt: solid black .75pt; mso-border-alt: solid black .75pt; background: #167092; padding: 0cm 5.0pt 0cm 5.0pt; height: 65.25pt;\">\n<p class=\"MsoNormal\" align=\"center\" style=\"text-align: center;\"><b><span style=\"color: white; mso-themecolor: background1;\">Instagram<o:p><\/o:p><\/span><\/b><\/p>\n<\/td>\n<td width=\"597\" style=\"width: 447.65pt; border-top: none; border-left: none; border-bottom: solid black 1.0pt; border-right: solid black 1.0pt; mso-border-top-alt: solid black .75pt; mso-border-left-alt: solid black .75pt; mso-border-alt: solid black .75pt; padding: 0cm 5.0pt 0cm 5.0pt; height: 65.25pt;\">\n<p class=\"MsoNormal\">Post visually engaging content such as infographics,<br \/>photos from events, and short videos. Use Instagram Stories for<br \/>behind-the-scenes looks and quick updates.<o:p><\/o:p><\/p>\n<\/td>\n<\/tr>\n<tr style=\"mso-yfti-irow: 3; height: 53.4pt;\">\n<td width=\"100\" style=\"width: 74.85pt; border: solid black 1.0pt; border-top: none; mso-border-top-alt: solid black .75pt; mso-border-alt: solid black .75pt; background: #167092; padding: 0cm 5.0pt 0cm 5.0pt; height: 53.4pt;\">\n<p class=\"MsoNormal\" align=\"center\" style=\"text-align: center;\"><b><span style=\"color: white; mso-themecolor: background1;\">LinkedIn<o:p><\/o:p><\/span><\/b><\/p>\n<\/td>\n<td width=\"597\" style=\"width: 447.65pt; border-top: none; border-left: none; border-bottom: solid black 1.0pt; border-right: solid black 1.0pt; mso-border-top-alt: solid black .75pt; mso-border-left-alt: solid black .75pt; mso-border-alt: solid black .75pt; padding: 0cm 5.0pt 0cm 5.0pt; height: 53.4pt;\">\n<p class=\"MsoNormal\">Publish detailed articles and updates. Share professional<br \/>insights and engage with industry-specific groups and forums.<br \/><br style=\"mso-special-character: line-break;\" \/><br \/><!-- [if !supportLineBreakNewLine]--><br style=\"mso-special-character: line-break;\" \/><br \/><!--[endif]--><o:p><\/o:p><\/p>\n<\/td>\n<\/tr>\n<tr style=\"mso-yfti-irow: 4; mso-yfti-lastrow: yes; height: 45.75pt;\">\n<td width=\"100\" style=\"width: 74.85pt; border: solid black 1.0pt; border-top: none; mso-border-top-alt: solid black .75pt; mso-border-alt: solid black .75pt; background: #167092; padding: 0cm 5.0pt 0cm 5.0pt; height: 45.75pt;\">\n<p class=\"MsoNormal\" align=\"center\" style=\"text-align: center;\"><b><span style=\"color: white; mso-themecolor: background1;\">YouTube<o:p><\/o:p><\/span><\/b><\/p>\n<\/td>\n<td width=\"597\" style=\"width: 447.65pt; border-top: none; border-left: none; border-bottom: solid black 1.0pt; border-right: solid black 1.0pt; mso-border-top-alt: solid black .75pt; mso-border-left-alt: solid black .75pt; mso-border-alt: solid black .75pt; padding: 0cm 5.0pt 0cm 5.0pt; height: 45.75pt;\">\n<p class=\"MsoNormal\">Upload detailed video presentations, interviews with<br \/>experts, and animated explainers. Promote these videos through other social<br \/>media channels.<o:p><\/o:p><\/p>\n<\/td>\n<\/tr>\n<\/tbody>\n<\/table>\n<\/div>\n<\/div>\n<p>[\/et_pb_text][et_pb_text _builder_version=&#8221;4.27.0&#8243; _module_preset=&#8221;default&#8221; text_font=&#8221;Carme||||||||&#8221; text_font_size=&#8221;18px&#8221; text_orientation=&#8221;justified&#8221; custom_padding=&#8221;0px||||false|false&#8221; hover_enabled=&#8221;0&#8243; custom_css_main_element=&#8221;strong {||  color: #f49d1e;||  text-decoration: underline;||  text-decoration-color: #167092;||}&#8221; global_colors_info=&#8221;{}&#8221; sticky_enabled=&#8221;0&#8243;]<\/p>\n<p>Kada je u pitanju strategija za dru\u0161tvene mre\u017ee, evo nekih dodatnih va\u017enih elemenata koje treba razmotriti i koji mogu va\u0161oj OO doneti brojne benefite.<\/p>\n<p>Za pove\u0107anje <strong>anga\u017eovanja i interakcije \u2013<\/strong> platforme dru\u0161tvenih mre\u017ea mogu da se koriste za sesije u\u017eivo, na primer za pitanja i odgovore, \u0161to omogu\u0107ava da publika ostvari direktnu interakciju sa OO, a tako\u0111e omogu\u0107ava ankete za sakupljanje povratnih informacija<\/p>\n<\/p>\n<ol>\n<li>Za stvaranje <strong>saradnje sa <\/strong><strong>influenserima i partnerima \u2013<\/strong> platforme dru\u0161tvenih mre\u017ea mogu vam pomo\u0107i da identifikujete i po\u010dnete saradnju sa influenserima relevantnim za va\u0161u OO ili zajednicu sa ciljem da podelite svoje rezultate sa njihovim pratiocima.\n<\/li>\n<li>Za <strong>analizu i pra\u0107enje u\u010dinka \u2013<\/strong> platforme dru\u0161tvenih mre\u017ea nude mogu\u0107nost monitoringa dosega i u\u010dinka nekog sadr\u017eaja u okviru va\u0161e strategije komunikacije. To je veoma korisno i svaka OO treba da obrati pa\u017enju na komentare, broj deljenja i poruka kako bi bolje razumela svoju ciljnu publiku i imala uvid u podatke vezane za komunikaciju.<\/li>\n<\/ol>\n<p>&nbsp;<\/p>\n<p>Na \u0161ta treba da obratimo pa\u017enju kada \u017eelimo da <u>integri\u0161emo tradicionalne medije i dru\u0161tvene mre\u017ee <\/u>u strategiju komunikacije na\u0161e OO?<\/p>\n<p><strong>K<\/strong><strong>onzistentno slanje poruka: <\/strong>Treba da budemo sigurni da je slanje poruka kroz tradicionalne medije i dru\u0161tvene mre\u017ee uvek konzistentno. Klju\u010dne ta\u010dke, \u010dinjenice i zvani\u010dni podaci moraju da se poklapaju kako bi poja\u010dali va\u0161u poruku.<\/p>\n<p><strong>Unakrsna promocija<\/strong><strong>: <\/strong>Uvek se preporu\u010duje da promovi\u0161ete svoje sadr\u017eaje sa tradicionalnih medija na dru\u0161tvenim mre\u017eama i obrnuto. Na primer, delite linkove ka objavljenim \u010dlancima, snimljenim intervjuima i novostima u kojima su vas pomenuli. Uvek pomenite imena va\u0161ih profila na dru\u0161tvenim mre\u017eama kao i ha\u0161tagove na tradicionalnim medijima kako biste podstakli oflajn publiku da se anga\u017euje onlajn.<\/p>\n<p><strong>Sveobuhvatne kampanje<\/strong><strong>: <\/strong>Planirajte integrisane kampanje koje koriste mo\u0107 kako tradicionalnih medija, tako i dru\u0161tvenih mre\u017ea. Na primer, lansirajte fazni izve\u0161taj sa konferencijom za \u0161tampu, a zatim kampanju na dru\u0161tvenim mre\u017eama sa doga\u0111ajem u\u017eivo i interaktivnim sadr\u017eajem.<\/p>\n<p><strong>Pripovedanje: <\/strong>Tehnike pripovedanja su efektivan na\u010din da u\u010dinite da se ciljna publika lak\u0161e pove\u017ee sa va\u0161im sadr\u017eajima i bude vi\u0161e anga\u017eovana. Va\u0161a strategija komunikacije treba da uklju\u010di deljenje uspe\u0161nih pri\u010da, studija slu\u010daja i svedo\u010denja koja nagla\u0161avaju uticaj rezultata va\u0161eg projekta kao i izazove i generalno iskustvo u radu OO.<\/p>\n<p>&nbsp;<\/p>\n<p>Strate\u0161kim kori\u0161\u0107enjem tradicionalnih medija i dru\u0161tvenih mre\u017ea va\u0161a OO \u0107e mo\u0107i efikasno da izvr\u0161i diseminaciju rezultata, dopre do \u0161ire publika i anga\u017euje zna\u010dajne zainteresovane strane.<\/p>\n<p>[\/et_pb_text][\/et_pb_column][\/et_pb_row][et_pb_row column_structure=&#8221;1_2,1_2&#8243; _builder_version=&#8221;4.27.0&#8243; _module_preset=&#8221;default&#8221; max_width=&#8221;1920px&#8221; global_colors_info=&#8221;{}&#8221;][et_pb_column type=&#8221;1_2&#8243; _builder_version=&#8221;4.27.0&#8243; _module_preset=&#8221;default&#8221; global_colors_info=&#8221;{}&#8221;][et_pb_button button_url=&#8221;@ET-DC@eyJkeW5hbWljIjp0cnVlLCJjb250ZW50IjoicG9zdF9saW5rX3VybF9wYWdlIiwic2V0dGluZ3MiOnsicG9zdF9pZCI6IjgwNCJ9fQ==@&#8221; button_text=&#8221;Prethodna&#8221; button_alignment=&#8221;right&#8221; _builder_version=&#8221;4.27.0&#8243; _dynamic_attributes=&#8221;button_url&#8221; _module_preset=&#8221;default&#8221; custom_button=&#8221;on&#8221; button_text_size=&#8221;18px&#8221; button_text_color=&#8221;#FFFFFF&#8221; button_bg_color=&#8221;#167092&#8243; button_border_width=&#8221;2px&#8221; button_border_color=&#8221;RGBA(255,255,255,0)&#8221; button_border_radius=&#8221;20px&#8221; button_font=&#8221;||||||||&#8221; button_icon=&#8221;&#x23;||divi||400&#8243; button_icon_placement=&#8221;left&#8221; hover_enabled=&#8221;0&#8243; global_colors_info=&#8221;{}&#8221; transform_styles__hover_enabled=&#8221;on|desktop&#8221; transform_scale__hover_enabled=&#8221;on|desktop&#8221; transform_translate__hover_enabled=&#8221;on|desktop&#8221; transform_rotate__hover_enabled=&#8221;on|desktop&#8221; transform_skew__hover_enabled=&#8221;on|desktop&#8221; transform_origin__hover_enabled=&#8221;on|desktop&#8221; button_bg_color__hover_enabled=&#8221;on|hover&#8221; button_bg_color__hover=&#8221;#F49D1E&#8221; button_bg_enable_color__hover=&#8221;on&#8221; transform_scale__hover=&#8221;105%|105%&#8221; sticky_enabled=&#8221;0&#8243;][\/et_pb_button][\/et_pb_column][et_pb_column type=&#8221;1_2&#8243; _builder_version=&#8221;4.27.0&#8243; _module_preset=&#8221;default&#8221; global_colors_info=&#8221;{}&#8221;][et_pb_button button_url=&#8221;@ET-DC@eyJkeW5hbWljIjp0cnVlLCJjb250ZW50IjoicG9zdF9saW5rX3VybF9wYWdlIiwic2V0dGluZ3MiOnsicG9zdF9pZCI6IjgwNiJ9fQ==@&#8221; button_text=&#8221;Slede\u0107a&#8221; button_alignment=&#8221;left&#8221; _builder_version=&#8221;4.27.0&#8243; _dynamic_attributes=&#8221;button_url&#8221; _module_preset=&#8221;default&#8221; custom_button=&#8221;on&#8221; button_text_size=&#8221;18px&#8221; button_text_color=&#8221;#FFFFFF&#8221; button_bg_color=&#8221;#167092&#8243; button_border_width=&#8221;2px&#8221; button_border_color=&#8221;RGBA(255,255,255,0)&#8221; button_border_radius=&#8221;20px&#8221; button_font=&#8221;||||||||&#8221; button_icon=&#8221;&#x24;||divi||400&#8243; custom_padding=&#8221;|34px||34px|false|true&#8221; hover_enabled=&#8221;0&#8243; global_colors_info=&#8221;{}&#8221; transform_styles__hover_enabled=&#8221;on|desktop&#8221; transform_scale__hover_enabled=&#8221;on|desktop&#8221; transform_translate__hover_enabled=&#8221;on|desktop&#8221; transform_rotate__hover_enabled=&#8221;on|desktop&#8221; transform_skew__hover_enabled=&#8221;on|desktop&#8221; transform_origin__hover_enabled=&#8221;on|desktop&#8221; button_bg_color__hover_enabled=&#8221;on|desktop&#8221; button_bg_color__hover=&#8221;#F49D1E&#8221; button_bg_enable_color__hover=&#8221;on&#8221; transform_scale__hover=&#8221;105%|105%&#8221; sticky_enabled=&#8221;0&#8243;][\/et_pb_button][\/et_pb_column][\/et_pb_row][\/et_pb_section]<\/p>\n","protected":false},"excerpt":{"rendered":"<p>Kori\u0161\u0107enje tradicionalnih medija i dru\u0161tvenih mre\u017ea za diseminaciju rezultata podrazumeva strate\u0161ko planiranje da bi se obezbedili benefiti i od jedne i od druge vrste medija. Hajde da istra\u017eimo kako jedna OO mo\u017ee efektivno da koristi oba kanala. Prvo pogledajmo \u0161ta su razlike izme\u0111u njih.Tradicionalni mediji obuhvataju kanale komunikacije kao \u0161to su \u0161tampani mediji (novine, magazini), [&hellip;]<\/p>\n","protected":false},"author":3,"featured_media":0,"parent":0,"menu_order":0,"comment_status":"closed","ping_status":"closed","template":"","meta":{"_et_pb_use_builder":"on","_et_pb_old_content":"","_et_gb_content_width":"","footnotes":""},"class_list":["post-805","page","type-page","status-publish","hentry"],"_links":{"self":[{"href":"https:\/\/cet-project.eu\/index.php?rest_route=\/wp\/v2\/pages\/805","targetHints":{"allow":["GET"]}}],"collection":[{"href":"https:\/\/cet-project.eu\/index.php?rest_route=\/wp\/v2\/pages"}],"about":[{"href":"https:\/\/cet-project.eu\/index.php?rest_route=\/wp\/v2\/types\/page"}],"author":[{"embeddable":true,"href":"https:\/\/cet-project.eu\/index.php?rest_route=\/wp\/v2\/users\/3"}],"replies":[{"embeddable":true,"href":"https:\/\/cet-project.eu\/index.php?rest_route=%2Fwp%2Fv2%2Fcomments&post=805"}],"version-history":[{"count":3,"href":"https:\/\/cet-project.eu\/index.php?rest_route=\/wp\/v2\/pages\/805\/revisions"}],"predecessor-version":[{"id":1071,"href":"https:\/\/cet-project.eu\/index.php?rest_route=\/wp\/v2\/pages\/805\/revisions\/1071"}],"wp:attachment":[{"href":"https:\/\/cet-project.eu\/index.php?rest_route=%2Fwp%2Fv2%2Fmedia&parent=805"}],"curies":[{"name":"wp","href":"https:\/\/api.w.org\/{rel}","templated":true}]}}